or of p and l?
15
Suppose 0*m + 5*x = -2*m - 2, -3*m + x = -14. Let q be (2 - m)*2/2. Let z(u) = -9*u + 2. Let j be z(q). Calculate the greatest common divisor of 30 and j.
10
Suppose -3*h - 11 = -41. Suppose -b = -0 - h. Calculate the greatest common divisor of b and 4.
2
Let w be -2 + -1 + (1 - 0). Let c be (w + -3)*(-4)/(-10). Let i = 7 + c. What is the highest common factor of i and 5?
5
Let y = -44 - -80. What is the greatest common factor of y and 144?
36
Let n = -67 - -38. Let h be (n - (0 + 1))/(-2). What is the greatest common divisor of 10 and h?
5
Suppose 108 = o + 3*h - 2*h, 0 = -4*h - 8. What is the greatest common factor of 10 and o?
10
Suppose 5*o = o + 8. Let h be ((-7)/o)/(1/(-2)). Suppose -5*k = -4*d - 59 - h, 3*k - 47 = -5*d. Calculate the highest common factor of k and 14.
14
Suppose 0 = 2*k + 11 + 21. Let n be 970/8 + 4/k. Let p = 13 + -2. What is the highest common factor of p and n?
11
Let c(h) = h - 5. Let d be c(7). Suppose -d*t + t = -2, 4*u + t = 602. What is the greatest common factor of u and 25?
25
Let r(p) = -2*p + 3. Let w be r(8). Let z = w - -23. Calculate the highest common divisor of z and 40.
10
Suppose 5*u = -4*d, -2*u + 0*u + 18 = -2*d. What is the greatest common divisor of 28 and u?
4
Suppose -4*n - 81 + 513 = 0. What is the greatest common divisor of n and 12?
12
Let y = 36 - 12. Calculate the greatest common divisor of y and 36.
12
Let b = 5 + 1. Suppose 42*y - 54 = 41*y. Calculate the greatest common divisor of b and y.
6
Suppose -7*u + 10 = -2*u. Let y = 4 - -2. What is the highest common factor of y and u?
2
Suppose -m - 2*m = 0. Suppose 5*z - 18 = l, m*l + l = -4*z + 18. Suppose -2*b = l*b - 52. Calculate the highest common divisor of 39 and b.
13
Suppose u + 3*k - 12 = -0*k, -u + k = 0. What is the greatest common factor of 27 and u?
3
Let s(j) = j**2 + 7*j + 2. Let t be s(-6). Let z be -15 + 1/1*1. Let d = t - z. What is the highest common factor of d and 80?
10
Suppose 23*o - 15 = 22*o. Calculate the highest common factor of 105 and o.
15
Suppose 145 + 22 = 3*l + m, 0 = 2*m + 2. Calculate the greatest common factor of l and 7.
7
Let q be ((-15)/(-10))/(3/52). Let i be ((-3)/6 - -4)*q. What is the greatest common divisor of 13 and i?
13
Let l = 1 - -1. Suppose -2 = 4*d + l. Let y be d - 8*(-2)/1. What is the highest common divisor of 6 and y?
3
Let o(d) = 3*d**2 + 17*d + 16. Let q be o(-6). Suppose 222 = 4*r + 46. What is the highest common factor of q and r?
22
Let b = 2 + 1. Suppose 246 = b*d - 105. Suppose -2*c + 65 = 3*c + 4*g, 2*c - 26 = -g. Calculate the highest common factor of d and c.
13
Let h(y) = -y**3 - 5*y**2 + 6*y - 6. Let s be h(-6). Let v be (-76)/(-24) - (-1)/s. What is the highest common factor of 6 and v?
3
Suppose g - 30 = -3*o, 8*g = 5*g - 5*o + 90. Let n be (g/8)/(3/12). What is the highest common divisor of 6 and n?
3
Let j = 8 + -14. Let n(o) = 2*o**2 + 6*o - 6. Let t be n(j). What is the greatest common divisor of 10 and t?
10
Suppose -4 = 5*w + 1. Let k be 1*w - (-19 + 2). What is the highest common factor of k and 16?
16
Let w(g) = g**3 + 8*g**2 + 5*g + 13. Let k be w(-7). What is the greatest common factor of 18 and k?
9
Suppose 60 = 2*q - 5*n, -2*q + 3*q = -5*n. What is the highest common divisor of q and 20?
20
Let d be 1/(-2)*0 + 203. Let y(i) = 13*i**3 - 2*i**2 + 2. Let s be y(3). Let b = s - d. Calculate the greatest common factor of 12 and b.
12
Let t(v) = -23*v + 3. Let k be t(-12). Calculate the highest common factor of k and 31.
31
Let y be 6124/18 + 2/(-9). Suppose -3*d + 2*f + y = 0, 2*d - 330 = -d - 3*f. What is the greatest common factor of d and 14?
14
Let g(u) = 3*u**2 + 4*u + 4. Suppose 8 + 4 = -2*i. Let j be g(i). Let p be 1*(-5)/((-25)/55). Calculate the highest common divisor of j and p.
11
Let p be (-1)/(-3) - 924/(-63). What is the greatest common divisor of p and 165?
15
Suppose 8*k - 165 = 3*k. Let r(y) = -2*y + 40. Let n be r(9). What is the highest common divisor of n and k?
11
Let n(t) = 2*t - 11. Let i be n(8). Suppose -12 = -i*m + 4*m. Calculate the highest common factor of 108 and m.
12
Let f = 72 - 36. Calculate the greatest common factor of 90 and f.
18
Let o = -2 + -5. Let b(l) = l**2 + 5*l - 9. Let k be b(o). What is the greatest common factor of 10 and k?
5
Suppose 0 = -2*t + 19 + 13. Let p be 82 - (4/2 + 0). Calculate the highest common factor of p and t.
16
Let t be 40/2 - (-1 - -1). Let j be (1 - -1) + 2 - -2. Suppose -2*u = -j*u + 720. What is the highest common divisor of t and u?
20
Suppose 10*i + 11 = 281. Calculate the greatest common factor of 18 and i.
9
Suppose x - 23 = -z - 3*z, 4*x = -4*z + 68. What is the highest common factor of 15 and x?
15
Let u be 1 - 1 - 0/1. Suppose 2*y + 0*y - 128 = u. Let j be 4 + (-3 - -18 - 3). What is the greatest common divisor of y and j?
16
Let c be (-2 - -5)*8/12. Suppose c*o + 154 = -2*u, 0*o = 3*o - 3. Let i = u + 134. What is the greatest common factor of 8 and i?
8
Suppose -2*p = 2*p, c - 2*p = 12. Let u = c + -5. Suppose 0 = 9*d - 4*d - 385. What is the highest common divisor of d and u?
7
Suppose 259 = 3*v - 77. Calculate the highest common factor of 28 and v.
28
Let t = 12 - 4. What is the highest common divisor of t and 72?
8
Suppose 158 + 242 = 5*s. Let d = s + -30. What is the highest common factor of d and 20?
10
Let u be (6 - -1)*(3 + 6). Let f = 2 - 4. Let r be ((-18)/(-4))/((-1)/f). Calculate the greatest common factor of r and u.
9
Suppose 0 = 4*x - 69 - 155. Let b(t) = -t**3 - t**2 + t + 2. Let k be b(0). Let m be (6/9)/(k/21). What is the greatest common factor of x and m?
7
Let n be 50*(-4 - (-44)/8). What is the highest common factor of 15 and n?
15
Let n = -25 - -53. Let a(g) = g**2 - 5*g - 8. Let c be a(9). Let m be (-1)/4 - (-399)/c. Calculate the highest common divisor of n and m.
14
Suppose 0 = 3*c - 1 - 5. Suppose 0 = -p - 4, c*n - 5*p - 40 = -3*p. Let o be (n/5)/(2/10). What is the greatest common divisor of o and 176?
16
Let p(n) = -n**3 - 4*n - 4*n**2 + 2*n - 2 - n. Let s be p(-4). Let d = 9 - 4. Calculate the greatest common factor of d and s.
5
Suppose 4*r - r - 3*l - 3 = 0, 0 = 3*r - 5*l - 3. Let i be (-1)/r + (7 - 3). Calculate the greatest common factor of i and 2.
1
Let x be ((-513)/38)/(6/(-16)). Calculate the highest common factor of 9 and x.
9
Let f be 8/(-4)*4/(32/(-132)). What is the greatest common divisor of f and 33?
33
Let w be 4 + -3 + 26*1. Let z be 1/(-3) - (-252)/27. What is the greatest common factor of z and w?
9
Let x be (-1986)/(-8) - (-1)/(-4). Let f be ((-12)/3 - 1) + 36. What is the highest common factor of x and f?
31
Let d(r) = -4*r + 11. Let f be d(9). Suppose -4*j + 266 = -102. Let p = j - f. Calculate the greatest common factor of 13 and p.
13
Let v = 86 - 70. What is the greatest common factor of 24 and v?
8
Let z be ((-363)/22)/(3/(-6)). What is the highest common divisor of 132 and z?
33
Let o(j) = j**3 + 10*j**2 - 2*j - 4. Let f be o(-8). What is the highest common factor of 20 and f?
20
Suppose -2*q - p - 6 = 5, 3*p + 5 = q. Let w = 8 - q. Calculate the greatest common factor of w and 6.
6
Suppose 2*c + 54 = 90. What is the highest common divisor of 72 and c?
18
Suppose 0 = r + 3*y - 27, y - 1 = -0. What is the greatest common factor of 192 and r?
24
Let h be 1/(108/28 - 4). Let l = h + 13. What is the greatest common factor of l and 12?
6
Let q(d) = 4*d**2 + 4*d. Let l be q(-3). Let w be 2*4/(l/(-15)). Let o = w + 12. What is the greatest common divisor of 1 and o?
1
Let b(k) = k**2 + 5*k + 8. Let x be b(-5). What is the highest common divisor of x and 32?
8
Let q be (-100)/(-10) + -3 + -2 + 2. What is the greatest common factor of q and 77?
7
Let u = -221 + 357. Let g be ((-6)/(-9))/(2/3). Suppose p = -g + 18. What is the highest common divisor of p and u?
17
Let o(d) = 2*d - 4. Let j be (-51)/(-6) - (-2)/(-4). Let m be o(j). Let l be 957/m + 1/4. What is the greatest common factor of l and 10?
10
Let p be 30*(-1)/(-3)*2. Let h = p - 41. Let z be (-23)/(-7) + 6/h. Calculate the greatest common divisor of 12 and z.
3
Let c be -1*(1 + 1*-10). Suppose -z + a = -c, 2*z - 3*a - 17 = z. Calculate the highest common factor of 25 and z.
5
Let r = -6 + 16. Suppose -l + r = -2. Calculate the greatest common divisor of l and 3.
3
